) to base 6
4100044
-88840 (base 11) to base 3
-20112122221
What is -1719523 (base 10) in base 4?
-12203303203
What is 24a0fd (base 16) in base 3?
11111221212202
What is 369042 (base 10) in base 5?
43302132
Convert 317648 (base 9) to base 11.
11a289
What is b706a (base 12) in base 15?
4b2d4
What is 9568 (base 13) in base 2?
101000011100000
Convert -3dd9a (base 14) to base 16.
-25804
Convert -1cc43e (base 16) to base 2.
-111001100010000111110
What is -c42be0 (base 15) in base 6?
-531504403
What is -1501427 (base 10) in base 15?
-1e9d02
What is 6c00b4 (base 16) in base 4?
123000002310
Convert 10adc (base 14) to base 3.
2001122121
Convert -599020 (base 11) to base 2.
-11100111101100100001
What is -5066e (base 15) in base 7?
-2110133
What is 9e8f1 (base 16) in base 8?
2364361
Convert 1103005 (base 7) to base 2.
100001000101000010
Convert 10115314 (base 6) to base 2.
1000110110110011110
3943b (base 12) to base 16
1322f
Convert 4125443 (base 6) to base 2.
110000011001100011
617696 (base 11) to base 14
1bb287
What is -829c0 (base 13) in base 11?
-150256
463224 (base 8) to base 13
567c6
-349c6 (base 13) to base 4
-113132122
3777617 (base 8) to base 7
11624513
-10110100010110111010 (base 2) to base 8
-2642672
Convert -6e3dc (base 15) to base 12.
-14b776
Convert 501815 (base 14) to base 8.
12214513
What is 12d0643 (base 15) in base 3?
221112101001100
17d96d0 (base 14) to base 10
11819766
What is -12042651 (base 7) in base 13?
-2b5a23
Convert -101110110001111100111 (base 2) to base 11.
-957769
Convert 2222201010012 (base 3) to base 8.
6036541
What is -1011110120101 (base 3) in base 9?
-1143511
Convert 7a834 (base 16) to base 9.
844318
Convert 2b25a (base 12) to base 7.
342241
What is 1201012211 (base 3) in base 14?
c3c7
1934277 (base 11) to base 4
30132133001
What is 3618887 (base 9) in base 3?
10200122222221
Convert 837459 (base 10) to base 9.
1515700
Convert -14205242 (base 6) to base 15.
-982e5
What is -11810b (base 16) in base 11?
-713961
Convert 414c6 (base 13) to base 8.
345037
Convert 10200020001 (base 3) to base 12.
35a3a
-26585514 (base 9) to base 12
-4480864
What is -1a26a (base 14) in base 5?
-4110332
10a463 (base 13) to base 6
12240100
Convert -2100d2 (base 15) to base 5.
-400211242
Convert -32104343 (base 5) to base 8.
-1016044
Convert -7182280 (base 10) to base 16.
-6d97c8
Convert -132324400 (base 5) to base 15.
-d2b85
Convert -701870 (base 9) to base 16.
-6543f
What is 10011111220220 (base 3) in base 15?
233ad9
What is 627b5 (base 12) in base 7?
1045100
Convert -4112022 (base 5) to base 16.
-103d0
Convert -67037 (base 14) to base 10.
-249753
What is -402637 (base 8) in base 6?
-2501251
-6730736 (base 8) to base 2
-110111011000111011110
-56ca6 (base 14) to base 3
-101201111101
46126200 (base 8) to base 16
98ac80
Convert -7ee861 (base 15) to base 9.
-12376261
Convert -30024141 (base 5) to base 14.
-620d5
What is -7e2080 (base 16) in base 3?
-120112221121211
What is 2202010012020 (base 3) in base 8?
5441266
11200100211212 (base 3) to base 13
69114b
Convert -1010100000101110000000 (base 2) to base 3.
-12011222202221
What is ac45 (base 13) in base 10?
24055
Convert -440315103 (base 6) to base 7.
-123561654
-1010121 (base 6) to base 14
-136c9
What is 20112211020021 (base 3) in base 12?
11ba167
What is -2118447 (base 9) in base 3?
-2010122111121
-376727 (base 12) to base 14
-19715d
What is -1c930 (base 15) in base 16?
-16c0b
-3042051 (base 8) to base 9
-1454641
What is -29c6c (base 13) in base 14?
-20b1b
What is 22321312111 (base 4) in base 16?
2b9d95
What is 3634530 (base 10) in base 16?
377562
What is 11011011100110110111 (base 2) in base 7?
10434324
-10011010011100010111100 (base 2) to base 8
-23234274
What is 19735 (base 11) in base 7?
143122
2333221303 (base 4) to base 13
216406
Convert 100100002201110 (base 3) to base 8.
22733463
174ac (base 14) to base 16
e4c0
What is -11200003 (base 4) in base 15?
-6a21
Convert 100000011111011111101 (base 2) to base 15.
160701
What is -701244 (base 9) in base 8?
-1451102
Convert -40223010 (base 5) to base 14.
-84a84
11430414 (base 8) to base 9
4634326
What is 153752 (base 10) in base 13?
54ca1
What is -2a155a (base 13) in base 8?
-3736221
What is 11201112102 (base 3) in base 5?
10433342
What is 49064 (base 13) in base 11?
91829
Convert 545136 (base 11) to base 6.
30354414
-1001001111121 (base 3) to base 2
-10000110110100011100
34622 (base 15) to base 4
220231211
Convert -3011330120 (base 4) to base 2.
-11000101111100011000
Convert 110001200102101 (base 3) to base 8.
30350244
What is 1123122 (base 7) in base 4?
202101000
63445356 (base 7) to base 16
51fc0c
Convert 247061 (base 12) to base 15.
ba987
What is -3fb14 (base 16) in base 9?
-436771
Convert -5688 (base 9) to base 10.
-4211
Convert 102001011212 (base 3) to base 16.
3511d
What is -50455222 (base 7) in base 6?
-225554441
What is 99560 (base 10) in base 15?
1e775
-143477 (base 8) to base 12
-25627
-121372 (base 10) to base 7
-1013566
What is 1201110243 (base 5) in base 6?
135005103
What is 11202030321 (base 4) in base 16?
162339
Convert -769055 (base 10) to base 3.
-1110001221112
2122100202200 (base 3) to base 6
50034500
Convert -35242115 (base 7) to base 10.
-3102839
What is 54236356 (base 7) in base 4?
101222231032
30011021113 (base 4) to base 16
305257
What is -96170 (base 12) in base 6?
-4121020
-1055525 (base 6) to base 2
-1101010010001101
What is 105301501 (base 6) in base 15?
283c31
What is 250770 (base 8) in base 15?
1a980
Convert -12233032121 (base 4) to base 14.
-33d9a1
-44421c (base 14) to base 3
-11100200102220
22000005 (base 6) to base 12
276005
3031244313 (base 5) to base 10
6118708
Convert -16163220 (base 7) to base 16.
-17d4bf
-15a9b7 (base 12) to base 15
-74ed7
What is 40320b (base 13) in base 5?
340221422
Convert -3486423 (base 9) to base 2.
-111001100110111101110
What is 1b0520 (base 13) in base 16?
a78ff
What is 770270 (base 11) in base 8?
4542523
-77d67 (base 15) to base 7
-3144565
-204536 (base 7) to base 12
-184a2
Convert -111100010001001100 (base 2) to base 3.
-110112121222
Convert 234b3c (base 14) to base 5.
302012312
Convert 62da (base 16) to base 2.
110001011011010
bed110 (base 15) to base 8
42571106
27ed9c (base 15) to base 13
524646
31231110 (base 4) to base 13
1c731
Convert -243183 (base 11) to base 10.
-384871
541bc (base 13) to base 14
3d513
1793b (base 16) to base 5
11042241
Convert -102020221 (base 4) to base 16.
-12229
Convert 59252 (base 13) to base 12.
7a39b
Convert 10100010000000010011 (base 2) to base 10.
663571
-2678405 (base 9) to base 7
-15326366
What is 317542 (base 16) in base 8?
14272502
Convert -22000220122 (base 3) to base 13.
-56c8a
Convert -1000111222000 (base 3) to base 11.
-33aa22
63529 (base 14) to base 11
154140
What is 103123433 (base 5) in base 4?
1230000000
What is -324432 (base 11) in base 5?
-113041103
What is 10202002110 (base 3) in base 15?
16c80
What is 134211432 (base 6) in base 8?
12306714
-59d37e (base 15) to base 8
-20310721
93861 (base 16) to base 6
20541253
What is 8187638 (base 9) in base 6?
233345225
Convert 1296bc (base 13) to base 10.
449357
-136583 (base 14) to base 5
-132430011
What is -423184 (base 13) in base 9?
-2821041
134203204 (base 6) to base 13
744157
Convert -1304334 (base 6) to base 2.
-10001010101000010
Convert -7afb (base 16) to base 8.
-75373
-18cab (base 14) to base 15
-13966
Convert -475a051 (base 11) to base 14.
-1160bb6
3110501 (base 8) to base 10
823617
1a5884c (base 14) to base 11
7453924
-9c7152 (base 15) to base 7
-120313121
Convert 153222 (base 7) to base 12.
15403
Convert 1781b (base 14) to base 3.
10000020020
Convert -3443542 (base 6) to base 7.
-1335233
63170 (base 12) to base 10
129828
Convert 120201101000001 (base 3) to base 6.
455010431
What is -100011010001011110000 (base 2) in base 4?
-10122023300
Convert 2be4 (base 15) to base 12.
5567
Convert -1115004 (base 12) to base 14.
-60d80c
What is 14152b (base 15) in base 16?
ebf10
What is 2a158 (base 14) in base 6?
2124002
-12020211212202 (base 3) to base 5
-1203320412
What is 3541 (base 13) in base 15?
2344
-1144908 (base 10) to base 12
-472690
Convert -25323 (base 6) to base 2.
-111011010011
-3015423 (base 7) to base 4
-1113032130
What is 22002242 (base 5) in base 8?
556656
What is -295761 (base 14)